3 and 204.
51
What is the highest common divisor of 9002 and 244202?
14
What is the greatest common factor of 1402150 and 30944?
1934
What is the greatest common factor of 2006783965 and 2165?
2165
Calculate the greatest common divisor of 708988 and 15260.
28
Calculate the highest common divisor of 5229 and 734517.
63
What is the greatest common factor of 38345794 and 13128?
1094
What is the greatest common factor of 9886880 and 1280?
160
What is the greatest common factor of 399190189 and 137?
137
Calculate the greatest common divisor of 81790803 and 7533.
2511
What is the greatest common divisor of 946 and 420282?
86
What is the greatest common factor of 10541330 and 400?
10
What is the highest common factor of 1642154 and 86710?
1334
Calculate the highest common factor of 87156 and 1628526.
1614
Calculate the highest common factor of 362177728 and 528.
176
What is the greatest common factor of 6 and 9437756?
2
Calculate the greatest common factor of 220 and 1382340.
20
Calculate the highest common factor of 1585136075 and 4150.
2075
Calculate the greatest common factor of 880 and 5599220.
220
Calculate the greatest common factor of 6432 and 49973424.
3216
What is the highest common divisor of 115257 and 212386?
103
Calculate the highest common divisor of 270519732 and 252.
252
Calculate the highest common divisor of 1443496953 and 12354.
6177
Calculate the highest common factor of 1247400 and 21150.
450
What is the highest common divisor of 26634 and 30666?
6
Calculate the greatest common divisor of 12 and 1460811240.
12
Calculate the highest common factor of 2912 and 42874923.
91
What is the highest common factor of 333853842 and 210?
42
What is the greatest common divisor of 69880 and 328?
8
What is the highest common divisor of 7267 and 170581?
43
What is the highest common factor of 1180123 and 752?
47
Calculate the highest common factor of 55998 and 289.
17
What is the greatest common factor of 90344 and 3040272?
3928
What is the highest common factor of 27 and 140551173?
27
Calculate the greatest common divisor of 417888878 and 344.
86
Calculate the highest common factor of 28592 and 23872.
16
What is the greatest common factor of 4837334 and 470?
94
Calculate the greatest common divisor of 958 and 74964.
2
What is the highest common divisor of 18 and 50867406?
18
What is the highest common divisor of 288 and 19374480?
144
Calculate the highest common divisor of 30020 and 2286023.
1501
Calculate the highest common divisor of 1014337 and 7.
1
What is the highest common factor of 271362 and 44394?
294
Calculate the greatest common factor of 16224 and 43808.
32
What is the greatest common divisor of 29 and 938950516?
29
What is the greatest common divisor of 2336 and 8124024?
584
Calculate the greatest common divisor of 245 and 140485.
5
Calculate the greatest common divisor of 2854032 and 29970.
222
What is the highest common factor of 25992 and 108?
36
Calculate the highest common divisor of 236 and 19767242.
118
What is the highest common divisor of 86533766 and 163?
163
Calculate the highest common factor of 261510163 and 3532.
883
What is the greatest common divisor of 20 and 9855740?
20
What is the highest common divisor of 44652234 and 3179?
3179
What is the highest common factor of 11141 and 141960?
13
What is the highest common factor of 171 and 35631973?
19
What is the greatest common factor of 11960 and 52842270?
2990
What is the highest common factor of 704 and 2912576?
64
What is the highest common divisor of 5 and 2168960?
5
Calculate the greatest common factor of 855291 and 36.
3
Calculate the greatest common divisor of 15129801 and 22671.
2061
What is the greatest common divisor of 73775839 and 1732?
433
What is the greatest common factor of 758933 and 845189?
599
What is the highest common divisor of 504 and 193566?
6
Calculate the highest common divisor of 55864 and 1236.
4
Calculate the highest common divisor of 2816 and 2659504.
16
Calculate the highest common divisor of 1744 and 5719884.
436
Calculate the greatest common divisor of 304 and 162049.
1
What is the highest common divisor of 896 and 262616144?
112
Calculate the highest common factor of 100 and 21389850.
50
What is the greatest common factor of 1524 and 378078111?
381
What is the highest common factor of 179 and 2000683?
179
What is the highest common factor of 23608 and 82043?
13
Calculate the highest common divisor of 319152 and 40548.
1308
Calculate the greatest common divisor of 26895057 and 492.
123
Calculate the highest common factor of 11328 and 1196048.
944
What is the highest common factor of 21390933 and 24?
3
Calculate the greatest common factor of 15228015 and 1353.
1353
Calculate the highest common divisor of 384 and 6822144.
384
What is the highest common divisor of 2883 and 593619?
93
Calculate the highest common factor of 12366 and 1371537792.
12366
What is the greatest common factor of 152723970 and 840?
210
Calculate the greatest common factor of 3268 and 1148530.
86
What is the greatest common factor of 8 and 33095?
1
What is the greatest common divisor of 2816112 and 572?
52
What is the greatest common factor of 959 and 3094469?
7
Calculate the greatest common divisor of 65 and 3296980.
5
What is the greatest common factor of 2793451962 and 42?
42
What is the greatest common factor of 94 and 4001674?
94
What is the greatest common factor of 2633897 and 1827?
7
What is the greatest common divisor of 96 and 313197?
3
What is the greatest common divisor of 52 and 3717038?
26
What is the highest common factor of 84099 and 7225?
289
Calculate the highest common divisor of 1099185835 and 11.
11
What is the greatest common factor of 1551858 and 138?
6
What is the greatest common divisor of 148588 and 158412?
1228
Calculate the highest common factor of 8316 and 1194498.
18
What is the highest common factor of 693148182 and 206?
206
Calculate the greatest common divisor of 17652 and 834.
6
What is the highest common factor of 9494672 and 440?
88
Calculate the highest common factor of 1660028 and 24030.
178
Calculate the greatest common factor of 692 and 3843541.
173
What is the greatest common factor of 6923082 and 3012?
1506
Calculate the highest common factor of 13229797 and 265643.
1939
Calculate the highest common factor of 2147132 and 6312.
1052
Calculate the highest common factor of 9 and 198564.
3
Calculate the highest common divisor of 1791815902 and 218.
218
What is the greatest common divisor of 90 and 5247522?
18
What is the greatest common factor of 218426 and 52?
26
What is the highest common divisor of 286912 and 20528?
16
Calculate the greatest common divisor of 217226556 and 12.
12
What is the highest common divisor of 674410728 and 2568?
2568
What is the greatest common factor of 460795 and 208385?
2935
What is the highest common factor of 1388211 and 38940?
1947
What is the greatest common factor of 19540 and 68480?
20
Calculate the highest common factor of 544 and 265676.
68
Calculate the highest common factor of 356 and 5273428.
356
What is the highest common divisor of 11030266 and 182?
26
What is the greatest common divisor of 4438005 and 143?
143
What is the greatest common factor of 4319565 and 17415?
645
What is the greatest common factor of 124297085 and 41195?
5885
What is the highest common divisor of 8001 and 39143559?
2667
Calculate the greatest common factor of 282 and 2612417638.
94
Calculate the greatest common divisor of 918 and 2820028.
34
Calculate the greatest common divisor of 28874894 and 232.
58
What is the highest common divisor of 332 and 1230647972?
332
Calculate the highest common divisor of 289 and 760087.
17
Calculate the highest common divisor of 15431 and 43745.
13
Calculate the highest common divisor of 1414 and 96280472.
202
Calculate the highest common divisor of 340056810 and 30.
30
What is the highest common divisor of 14119196 and 316?
316
What is the highest common factor of 14766 and 5299389?
321
Calculate the greatest common divisor of 21 and 6146391.
3
What is the greatest common factor of 588 and 2779525?
49
Calculate the greatest common divisor of 5183628 and 6056436.
10644
What is the highest common factor of 44 and 139301?
1
Calculate the highest common factor of 60760 and 531806